29, 0 = 4*c - 4*b + 16. Let t(s) = -7*s + 8. Let r(y) = 2*y - 3. Let k(q) = -11*r(q) - 4*t(q). Give k(c).
7
Suppose 2*p + 6*a - 38 = 2*a, 0 = 4*a - 12. Let i = p + -17. Let h(s) = s**3 + 3*s**2 - 2*s + 5. Determine h(i).
-3
Let s(g) = -3*g**2 + 6*g. Let b be (9/(-18))/((-2)/12). Let y(r) = -r**2 + 3*r. Let j(q) = b*s(q) - 7*y(q). Give j(-3).
-9
Let x(q) = q - 3 - 5*q + 2*q. Let p(y) = y - 1. Let l be p(-3). Give x(l).
5
Let k be (-16)/(-10)*10/4. Let l(j) = j**2 - 5*j + 3. Let v be l(5). Let g(i) = -6*i + k*i - 5*i**2 + i - i**v + 3. Give g(-4).
-9
Let i(u) = -9*u**3 + 17*u**2 + 3*u - 1. Let n(z) = -4*z**3 + 8*z**2 + 2*z - 1. Let w(y) = 3*i(y) - 7*n(y). Give w(6).
10
Let s(j) = -2*j**2 - j**2 - j**3 - 4*j**2 + 2 - 5*j. Let x be s(-6). Let c(q) = -4*q - 5 + 3 + 3*q. Calculate c(x).
2
Let d(h) be the first derivative of -1 + 2*h**2 - 2*h + 1/3*h**3. What is d(-4)?
-2
Let m(q) = q**3 - 11*q**2 + 10*q + 2. Suppose -4*j - 26 = -66. Let x be m(j). Let w(z) = -3*z**2 + 2*z**2 - 8*z**x - z. What is w(1)?
-10
Let q(c) = -2*c - 7. Let x(k) = -10*k - 36. Let n(w) = 16*q(w) - 3*x(w). Give n(-6).
8
Let a be (10/(-4))/((-5)/10). Let l(w) = w**2 + 4*w - a*w + 0*w. Determine l(3).
6
Let v be (-6)/(-14) - (-54)/21. Let s(k) be the second derivative of -k**3/6 - k**2/2 - k. Calculate s(v).
-4
Let v(z) be the second derivative of 0 + 5*z - 1/2*z**2 + 1/2*z**3. Give v(-1).
-4
Let y = -17 - -59. Let o be 14/(-4)*(-24)/y. Let r(v) be the second derivative of -v**3/3 - v**2/2 - v. Calculate r(o).
-5
Let k(i) = 6*i**2 + 5*i + 7. Let h(o) = -7*o**2 - 5*o - 8. Let t(z) = 5*h(z) + 6*k(z). Let l(v) be the first derivative of t(v). Determine l(-4).
-3
Suppose 5*p + 3*u - 20 = -2*u, 0 = 2*p + 3*u - 7. Let t(w) = -w + 2 - 2*w + 4 - 3. Determine t(p).
-12
Let f(r) = 2*r - 5. Let s = 13 + 3. Let h = -11 + s. Calculate f(h).
5
Let m(f) = -f**2 - f + 5. Suppose 4*z + 8 + 8 = j, -26 = 2*z + 4*j. Give m(z).
-15
Let f(t) = 11*t**3 - 15*t**2 - 5*t - 7. Let o(q) = 10*q**2 + 3*q - 5*q**3 + q**3 - 4*q**3 + 5 + q**3. Let b(m) = 5*f(m) + 8*o(m). Determine b(5).
0
Let t = 9 + -5. Let a be (-12)/((-4)/(4 + -2)). Suppose -10 = t*j - a*j. Let u(g) = g - 1. Determine u(j).
4
Let s(z) = -z - 1. Suppose 0*p = 3*p + 2*d + 35, -2*d = -10. Let a be p*(16/10 - 2). What is s(a)?
-7
Let w(t) be the third derivative of -5/6*t**3 + 0 - 1/6*t**4 - t**2 + 1/60*t**5 + 0*t. Let s be w(5). Let b(h) = h - 4. Calculate b(s).
-4
Let j(r) = -r**2 - 3*r + 2. Let f(v) = 9*v**2 + 25*v - 17. Let h(q) = -6*f(q) - 51*j(q). Give h(2).
-6
Let g(i) = -2*i - i + i**2 - 9*i**2 + 5 - 3*i - i**3. Let q be g(-7). Let z(l) = -l - 2. Let x(d) = -d - 2. Let n(w) = -4*x(w) + 3*z(w). Give n(q).
0
Let n(o) = -o - 11. Let l be n(-13). Let i(s) = 2*s**2 - s - 1. What is i(l)?
5
Let u(r) = 2*r + 17. Let o be u(-10). Let d(b) = -b**2 + 4. What is d(o)?
-5
Let s(m) = -6*m**3 + 2*m**2 + 2*m + 1. Let a(b) = -b - 4. Let d be a(-5). Let p = -2 + d. Give s(p).
7
Suppose -3*l = -x + 7, 2*l + 1 = -1. Let h(s) = -s**3 + 4*s**2 + 5. Calculate h(x).
5
Let y = -7 + 12. Let l = 3 + 0. Suppose -7 = -y*d + l. Let r(v) = -v - 2. Calculate r(d).
-4
Let z(j) = -j**2 + 5*j + 6. Let k(l) = 6*l - 5. Let a(u) = u**3 + 7*u**2 - 8*u + 2. Let m be a(-8). Let v be k(m). What is z(v)?
-8
Let b(l) be the first derivative of -l**4/24 - l**3/6 - 3*l**2/2 + 7. Let u(d) be the second derivative of b(d). Determine u(-1).
0
Let n(h) = 2*h**2 + 2*h**2 - h**2 + h**2 + h - 7. Let y(v) = -3*v**2 + 6. Let d(x) = 4*n(x) + 5*y(x). Calculate d(-4).
2
Let t(s) = 5*s**2 - 2*s + 40 - 21 - 18. Give t(2).
17
Let u be -8 - 0 - (-8 + 3). Let y(i) = -3*i**2 + 5*i - i**3 - 2 - 3*i + i**2. Give y(u).
1
Let g = -70 + 66. Let f(r) = 2*r - 1. Give f(g).
-9
Let f(g) be the third derivative of -g**4/3 + 5*g**3/3 + g**2. Let v(n) = 5*n - 7. Let d(b) = -5*f(b) - 7*v(b). Determine d(-1).
-6
Let s(u) = u**2 - u + 1. Suppose -g - 34 = -5*j - 2*g, -g + 4 = 0. Suppose -24 = 3*c - j*z + 3*z, -4*z = -2*c - 26. Give s(c).
13
Let v(f) = 3*f**2 + 2*f + 3. Let o(u) = 4*u**2 + 2*u + 4. Let h(m) = 2*o(m) - 3*v(m). Let w(q) = q**3 - 7*q**2 + 7*q - 7. Let x be w(6). Calculate h(x).
0
Let j(h) = -h + 1. Suppose 5*c + 2*p + 7 = 0, -7 = c - 2*p + p. Let t = c + 7. Suppose 2 = -5*b + t*b. Calculate j(b).
3
Let o(k) = -2*k - 6. Let f = -120 - -115. Give o(f).
4
Let f(z) = -3*z. Let g(u) = -u - 8. Suppose 3*r + 365 = 5*k, 5*r + 0*k + 5*k = -635. Let v be 1/4 - r/(-20). Let x be g(v). Calculate f(x).
6
Suppose r + 4*v + 6 = -6, 5*r - 3*v = 9. Suppose -8 = -4*n + 24. Let t(u) = 4 + 5*u**3 - n*u**2 - 4*u**3 + u + 8*u**2. What is t(r)?
4
Let c(m) be the second derivative of m**5/20 - m**4/3 - 2*m**2 - 7*m. Suppose 2*g + 4*y - 4 = 0, -4*y + 8 = -4*g + 28. Determine c(g).
-4
Let y(f) = 3*f + 1. Suppose 9 + 6 = 5*b. Suppose -4*w + 0 = 3*g + 18, -b*w - 17 = 4*g. What is y(g)?
-5
Let f(d) = -d**3 - 7*d**2 + 20*d + 13. Let o be f(-9). Let n(r) = 4*r**2 - 2*r - 4 + 0*r + 10 + r**3. Give n(o).
-9
Let n be 22/8 + 3/12. Suppose 0 = n*a + 2*a. Let x(u) = -u - u + a*u. What is x(4)?
-8
Let w(d) = d**3 + d**2 - 3*d - 3. Let u = -13 + 22. Suppose -u*p + 8*p = 0. Let y = -2 + p. Determine w(y).
-1
Let z(d) = -d**3 + 6*d**2 + 7*d. Let x be z(7). Let f(r) be the third derivative of 0*r + r**2 + 0 + 0*r**4 - 1/12*r**5 + x*r**3. Give f(1).
-5
Let w(d) = -2*d - 1. Let t(u) be the third derivative of u**4/24 - 7*u**2. Let k(c) = 3*t(c) - w(c). Give k(-2).
-9
Let u(z) = -3*z**2 + 2*z**3 + 2*z**2 - z**3 + 0*z**3 + 1 - z. Give u(1).
0
Let o(s) = -s**3 - 3*s**2 + 3. Let b(r) = r - 6. Let l be b(8). Suppose 4*a + 14 = u, l*a = -2*u + 4*a + 10. Suppose u - 8 = 2*t. Calculate o(t).
3
Let v(s) = s**2 + 6*s. Let u(w) = 2*w**2 + 12*w. Let a = -2 + 4. Suppose q = -0*q - 5. Let b(h) = a*u(h) + q*v(h). Give b(-5).
5
Let y(d) = -d**2 + 9*d + 12. Let o be y(10). Let n(w) = -w**2 + 5*w - 3*w**2 + 3*w**o + 3. What is n(6)?
-3
Let i(x) = x**2 - 6*x - 8. Suppose 3*q - 17 = -2*w, -4*w + 7*q - 4*q = -25. Calculate i(w).
-1
Let y(n) = -n + 1. Let d be 1/7 + 605/77. Let z be 6*(1 - 4)/(-3). Let j = z - d. Give y(j).
3
Suppose -9*u - 15 = 12. Let o(b) = b**2 - 3. Determine o(u).
6
Let y(l) = l - 5. Let b be y(4). Let i = b + -3. Let j(v) be the third derivative of -v**4/24 - v**3/2 - v**2. Calculate j(i).
1
Let j(l) be the first derivative of -l**3/3 + l**2 - 3*l + 2. Suppose -2*w = -4*o + 30, -3*o + 3*w + 21 = -3. Let k = o + -5. What is j(k)?
-3
Suppose -12 = -5*c - c. Let x(v) = -v - c*v + 4*v + 0*v. What is x(-6)?
-6
Let h(u) = -3*u**3 + u. Let m be 2/((-4)/((-2)/1)). Give h(m).
-2
Let m be (-16)/(-12)*(-3)/(-2). Suppose w = 3*w - m. Let v(x) = -8*x - 1. What is v(w)?
-9
Let i(r) = 14*r**2 + r + 12. Let d(g) = 5*g**2 + 4. Let u(x) = 17*d(x) - 6*i(x). Let o = -30 - -36. What is u(o)?
-4
Let u(i) = -i**3 - 6*i**2 - 6*i + 2. Suppose -v + 24 = -4*z, 5*v - 11 = -z + 4. Determine u(z).
7
Let h(j) = -j + 3. Let l be h(4). Let v = l - -6. Let k(c) = -c**2 + 6*c - 7. Determine k(v).
-2
Let t(p) = -p**2 - 3*p - 4. Let h be t(-4). Let l = h + 11. Let o(m) = m - 2. Determine o(l).
1
Let m be 2/(-9) + 44/36. Let j = 2 - m. Let z(f) = 10*f**2 - 4*f + 8. Let q(b) = -b**2 + b - 1. Let s(g) = j*z(g) + 8*q(g). Give s(-3).
6
Let k(a) = a - 2. Let u be k(-4). Let z(l) = -l**2 - 6*l + 2. Determine z(u).
2
Let u(f) be the second derivative of 1/12*f**4 + 3*f**2 - 4*f + 0 - f**3. What is u(5)?
1
Let i be 2*(-1)/(-4)*10. Let c be 1 + 2/(-2 - -4). Let z(f) = 0*f**3 - c*f**2 - f**3 + 1 + 7*f**2. Calculate z(i).
1
Let a(z) = 0*z + 400 - 397 + 4*z. Suppose 2*x = -3*x - 10. Calculate a(x).
-5
Suppose -5*q = m + 4*m - 10, -2*q - 26 = -3*m. Let h(x) = x**3 - 5*x**2 - 5*x - 2. Determine h(m).
4
Suppose k = 4*r + 26, -2*r = 3*k + r - 3. Let z(j) = j**2 - 4*j - 6. Give z(k).
6
Suppose -6*n + 4*n - 16 = 0. Let p(o) = o**3 + 7*o**2 - 8*o + 6. Calculate p(n).
6
Let s(i) = -2*i**2 + 4*i - 3. Suppose 0 = g - 0*g + 9. Suppose -3*c - 20 = -8*c. Let b be (-6)/g - c/(-3). Calculate s(b).
-3
Suppose -3*x + 3*u - 2*u + 11 = 0, -5*u = 10. Let y(z) = -2*z**2 + 6*z + 5. Let b(j) = j**2 - 5*j - 4. Let h(m) = x*b(m) + 2*y(m). Determine h(-3).
-2
Let z = 4 + -3. Let y(l) be the first derivative of -l**4/2 + l**3/3 - l - 7. Let a be y(z). Let t(v) = -v**3 + v**2 + 3*v + 1. Calculate t(a).
7
Let k(c) = 